21?
False
Does 15 divide 813106815?
True
Is 6 a factor of 2250072?
True
Does 5 divide 12790827?
False
Is 4917 a factor of 3321846019?
False
Is 148470282 a multiple of 578?
True
Is 18301 a factor of 98093360?
True
Is 51538330 a multiple of 714?
False
Is 63 a factor of 8025696?
True
Does 106 divide 90839366?
False
Is 9 a factor of 137535724?
False
Does 2349 divide 38110176?
True
Does 290 divide 44515468?
False
Does 8 divide 57897384?
True
Is 8276596 a multiple of 92?
True
Is 840714054 a multiple of 65?
False
Is 13622 a factor of 1384368774?
False
Does 20 divide 27632120?
True
Is 4 a factor of 143743484?
True
Is 501 a factor of 602419930?
False
Does 289 divide 11005508?
False
Does 225 divide 262068044?
False
Is 664108311 a multiple of 813?
False
Does 3 divide 1034206?
False
Is 133831672 a multiple of 3?
False
Is 43606372 a multiple of 167?
True
Is 46010084 a multiple of 3192?
False
Is 328891090 a multiple of 155?
True
Is 498 a factor of 670042566?
True
Is 381 a factor of 3208502346?
True
Is 699 a factor of 8300094?
False
Does 129 divide 158466696?
True
Is 10197 a factor of 3523954374?
False
Does 95 divide 1403692450?
True
Is 3 a factor of 24899228?
False
Does 306 divide 27360625?
False
Is 4 a factor of 52611752?
True
Is 1658 a factor of 103153544?
False
Is 985 a factor of 700231993?
False
Is 232994516 a multiple of 11?
False
Is 29 a factor of 31514503?
True
Is 65376486 a multiple of 2058?
True
Is 97458648 a multiple of 147?
True
Does 24 divide 3009761?
False
Is 257 a factor of 5805373?
True
Does 45 divide 100664719?
False
Is 1168 a factor of 124125673?
False
Is 374132585 a multiple of 5?
True
Does 50 divide 34791678?
False
Is 408030 a multiple of 6?
True
Is 28 a factor of 444713851?
False
Is 147 a factor of 35366436?
True
Is 3114 a factor of 612710640?
True
Is 439267145 a multiple of 2155?
False
Is 157264843 a multiple of 19?
True
Does 2100 divide 816960900?
True
Is 591 a factor of 23963307?
False
Does 40 divide 65133200?
True
Does 11 divide 177848864?
False
Is 1150 a factor of 129526800?
True
Is 143 a factor of 9228650?
False
Does 9 divide 220151565?
True
Does 947 divide 41414204?
True
Is 35783082 a multiple of 2029?
False
Does 1963 divide 700058048?
False
Does 3077 divide 106624204?
True
Does 18 divide 935675334?
True
Is 2465538 a multiple of 978?
True
Is 128169524 a multiple of 46?
True
Is 2227 a factor of 78916494?
False
Does 1155 divide 100702140?
True
Is 24841532 a multiple of 106?
False
Is 146050721 a multiple of 74?
False
Is 98 a factor of 38375721?
False
Is 767 a factor of 47759485?
False
Is 479 a factor of 17876280?
True
Is 3329 a factor of 1349330254?
True
Is 9115744 a multiple of 752?
True
Is 3758 a factor of 20860658?
True
Is 396 a factor of 17776974?
False
Does 2589 divide 2992577315?
False
Is 356 a factor of 299270793?
False
Does 199 divide 188754231?
False
Is 3747427904 a multiple of 16?
True
Does 195 divide 1319032065?
True
Does 81 divide 54041705?
False
Does 410 divide 65852928?
False
Does 6 divide 9545097?
False
Does 11 divide 15157945?
True
Is 740679845 a multiple of 7?
False
Is 480 a factor of 510990240?
True
Is 642 a factor of 7096668?
True
Is 86122148 a multiple of 994?
True
Does 37 divide 1955487818?
False
Is 4211884 a multiple of 6?
False
Is 226847479 a multiple of 5634?
False
Does 211 divide 237261235?
False
Is 2 a factor of 24942882?
True
Is 173 a factor of 87961830?
False
Does 51 divide 73943601?
False
Does 852 divide 60071112?
True
Is 241740912 a multiple of 2058?
True
Is 17 a factor of 10942561?
False
Does 3054 divide 154113324?
False
Is 118471340 a multiple of 5?
True
Does 192 divide 30091008?
True
Does 219 divide 132616983?
True
Is 606147624 a multiple of 248?
False
Is 816 a factor of 19801377?
False
Does 6 divide 6348250?
False
Is 18145942 a multiple of 442?
False
Does 876 divide 154841760?
True
Does 8 divide 314238853?
False
Does 135 divide 5073570?
True
Does 14 divide 28826984?
False
Is 184450208 a multiple of 156?
False
Is 485393706 a multiple of 147?
True
Does 197 divide 148896289?
False
Is 191782211 a multiple of 40?
False
Is 48 a factor of 29418989?
False
Does 195 divide 101103786?
False
Is 2219 a factor of 38118725?
False
Is 422786795 a multiple of 3973?
True
Does 178 divide 69503838?
True
Does 63 divide 6218919?
True
Is 21401810 a multiple of 1879?
True
Does 5 divide 23222582?
False
Is 4 a factor of 34810556?
True
Is 158 a factor of 44252790?
False
Does 2339 divide 2580408190?
True
Is 1019 a factor of 120267475?
True
Does 8 divide 38259659?
False
Is 79 a factor of 3888985?
False
Is 24093855 a multiple of 1845?
True
Does 449 divide 1005806469?
False
Is 16504101 a multiple of 104?
False
Does 4 divide 3103956?
True
Does 157 divide 42802584?
False
Is 77630035 a multiple of 69?
False
Is 117 a factor of 2949556?
False
Does 952 divide 21732256?
True
Is 19 a factor of 640288296?
True
Does 46 divide 2738989?
False
Is 16553164 a multiple of 21?
False
Is 188551829 a multiple of 2660?
False
Is 782 a factor of 758386627?
False
Is 429 a factor of 161511636?
True
Does 8 divide 21884800?
True
Is 330021216 a multiple of 45?
False
Is 1003 a factor of 436764374?
True
Is 27022670 a multiple of 522?
False
Does 663 divide 30926298?
True
Does 16 divide 403920228?
False
Is 544 a factor of 200991680?
True
Does 260 divide 312483493?
False
Is 36 a factor of 267276096?
True
Does 8 divide 93290000?
True
Does 74 divide 27295166?
False
Does 88 divide 16807617?
False
Is 14 a factor of 4295719918?
True
Is 122768568 a multiple of 4937?
False
Is 244488628 a multiple of 1751?
True
Is 145737459 a multiple of 423?
True
Does 8931 divide 522597465?
True
Is 23674320 a multiple of 1048?
True
Does 89 divide 3365404832?
False
Does 38 divide 4359360?
True
Is 2493099 a multiple of 177?
False
Is 4 a factor of 34339940?
True
Does 30 divide 757268970?
True
Is 1210470401 a multiple of 31?
False
Does 19 divide 1129374377?
False
Is 461 a factor of 7305467?
True
Is 150 a factor of 18777921?
False
Does 590 divide 770422960?
False
Does 220 divide 1296680?
True
Does 76 divide 449129904?
True
Is 9741957 a multiple of 293?
True
Does 39 divide 9195479?
False
Is 1961 a factor of 66644585?
True
Is 265957485 a multiple of 167?
False
Does 3 divide 8192039?
False
Is 337 a factor of 284433392?
True
Is 521540410 a multiple of 755?
True
Is 248500664 a multiple of 9?
False
Is 203598153 a multiple of 28?
False
Is 2617 a factor of 114014839?
True
Does 2555 divide 309035084?
False
Does 4 divide 23277875?
False
Is 1908171584 a multiple of 16?
True
Is 925 a factor of 16602058?
False
Is 993 a factor of 417243705?
True
Is 146711177 a multiple of 1841?
False
Is 99103125 a multiple of 2883?
True
Is 12472357 a multiple of 5?
False
Is 3 a factor of 9404952?
True
Is 74 a factor of 211025869?
False
Does 27 divide 175258296?
True
Does 153 divide 7988877?
False
Is 83 a factor of 87233830?
True
Is 327 a factor of 13070987?
False
Is 1164780 a multiple of 405?
True
Is 1530 a factor of 315828720?
True
Is 262 a factor of 851168831?
False
Is 10925295 a multiple of 5?
True
Is 531 a factor of 535065925?
False
Is 146717505 a multiple of 3?
True
Is 351132366 a multiple of 39?
True
Is 63 a factor of 3015626?
False
Does 171 divide 77114499?
False
Does 626 divide 243688?
False
Is 360 a factor of 11459104?
False
Is 1096 a factor of 381344432?
True
Is 619 a factor of 219462858?
False
Is 1288 a factor of 282631730?
False
Is 19712112 a multiple of 578?
True
Is 196096521 a multiple of 11?
False
Does 488 divide 53325712?
True
Is 4 a factor of 6711574?
False
Is 1306 a factor of 273489942?
False
Is 179773421 a multiple of 299?
False
Is 14 a factor of 333408058?
False
Does 5579 divide 133545597?
False
Is 69 a factor of 273814454?
False
Is 942 a factor of 11670438?
True
Is 52 a factor of 4564283553?
False
Does 143 divide 24474164?
True
Is 2805 a factor of 160150363?
False
Does 38 divide 19351305?
False
Is 1453 a factor of 18335407?
True
Is 128163650 a multiple of 50?
True
Is 47 a factor of 65789754?
True
Does 1585 divide 610465920?
True
Is 47 a factor of 43282508?
False
Is 747231005 a multiple of 85?
True
Does 924 divide 22704780?
False
Is 309 a factor of 275407980?
False
Does 1266 divide 8354334?
True
Is 4571 a factor of 926107455?
True
Is 172374612 a multiple of 57?
True
Does 257 divide 20947108?
False
